hat is the highest common divisor of 555 and 15?
15
Calculate the greatest common divisor of 216300 and 5600.
700
What is the greatest common divisor of 14090979 and 21?
21
What is the greatest common divisor of 348 and 78387?
87
Calculate the highest common divisor of 36714 and 396.
6
Calculate the greatest common divisor of 193038 and 6.
6
What is the greatest common divisor of 311 and 102941?
311
Calculate the highest common divisor of 44 and 459932.
44
Calculate the highest common divisor of 2183 and 2596.
59
What is the highest common factor of 1390 and 6394?
278
What is the greatest common divisor of 21070 and 24010?
490
What is the highest common factor of 5 and 261690?
5
What is the highest common divisor of 19176 and 82297?
799
What is the greatest common divisor of 116 and 123946?
58
What is the greatest common divisor of 660192 and 6578?
598
Calculate the greatest common factor of 18 and 36678.
6
Calculate the greatest common divisor of 9 and 16227.
9
Calculate the greatest common factor of 583936 and 256.
256
What is the greatest common factor of 679282 and 46?
46
What is the greatest common factor of 16258 and 110?
22
What is the greatest common divisor of 2244 and 24948?
132
What is the highest common factor of 299 and 18607?
23
What is the highest common divisor of 1230324 and 1332?
444
Calculate the highest common divisor of 1616 and 44339.
101
Calculate the highest common factor of 70 and 34818.
14
What is the highest common factor of 148 and 1457948?
148
Calculate the highest common divisor of 5 and 2095.
5
What is the greatest common divisor of 123 and 2982504?
123
What is the greatest common divisor of 180 and 128540?
20
What is the highest common divisor of 2179 and 16972231?
2179
Calculate the greatest common factor of 86569 and 1328.
83
Calculate the greatest common divisor of 448 and 13356.
28
What is the greatest common factor of 1123851 and 369?
123
Calculate the highest common factor of 22 and 74393.
11
Calculate the greatest common factor of 392 and 78568.
56
What is the highest common divisor of 2807118 and 554?
554
What is the highest common factor of 97 and 271?
1
Calculate the highest common divisor of 21802 and 770.
22
Calculate the highest common divisor of 7786 and 34.
34
Calculate the highest common divisor of 1656 and 685998.
414
What is the greatest common divisor of 181 and 158375?
181
Calculate the highest common divisor of 550 and 569525.
275
What is the highest common divisor of 25994 and 1902?
634
Calculate the highest common divisor of 37808 and 85.
17
Calculate the greatest common divisor of 9800665 and 7.
7
What is the greatest common divisor of 3339 and 63567?
63
What is the greatest common divisor of 360 and 11808?
72
Calculate the highest common divisor of 88 and 50721.
11
What is the highest common factor of 418 and 12122?
418
What is the highest common factor of 9984 and 206592?
768
Calculate the greatest common factor of 3254 and 2.
2
What is the greatest common factor of 26226 and 496?
62
Calculate the highest common factor of 9101 and 19.
19
What is the greatest common divisor of 31487 and 999?
37
What is the greatest common factor of 2298 and 2064370?
766
Calculate the highest common divisor of 997228 and 1876.
268
Calculate the highest common factor of 294813 and 366.
183
What is the highest common factor of 846 and 444714?
282
Calculate the highest common factor of 880 and 223740.
220
What is the greatest common divisor of 462 and 4984?
14
What is the greatest common factor of 18968 and 8?
8
What is the greatest common factor of 775676 and 671?
671
What is the highest common factor of 20202 and 624?
78
Calculate the greatest common factor of 23120 and 5000.
40
What is the greatest common factor of 1092 and 132622?
14
What is the highest common divisor of 195 and 72525?
15
Calculate the greatest common divisor of 289080 and 1760.
440
Calculate the greatest common divisor of 17042 and 122.
2
What is the greatest common factor of 51400 and 96200?
200
Calculate the highest common factor of 53265 and 37365.
795
What is the greatest common factor of 16357404 and 76?
76
What is the greatest common divisor of 102 and 1032?
6
What is the highest common divisor of 93 and 24?
3
Calculate the greatest common factor of 2220383 and 781.
781
What is the greatest common factor of 8 and 33160?
8
Calculate the greatest common divisor of 44100 and 784.
196
Calculate the greatest common divisor of 13685 and 140.
35
What is the highest common factor of 5111 and 26093?
269
What is the greatest common factor of 637 and 6916?
91
What is the highest common divisor of 626 and 1423211?
313
What is the highest common factor of 874520 and 40?
40
Calculate the greatest common divisor of 75824 and 1120.
112
What is the highest common divisor of 234358 and 185?
37
What is the highest common divisor of 450 and 63375?
75
What is the greatest common divisor of 15580 and 23180?
380
What is the greatest common factor of 65 and 146315?
65
What is the highest common factor of 943 and 1302283?
943
What is the highest common divisor of 2521528 and 424?
424
Calculate the highest common divisor of 1444 and 13456.
4
What is the highest common divisor of 20647 and 1792535?
1877
What is the highest common divisor of 892705 and 55?
55
Calculate the highest common divisor of 22116 and 10146.
114
Calculate the greatest common factor of 1475 and 643631.
59
What is the highest common divisor of 258032 and 48?
16
Calculate the highest common factor of 3058 and 3707.
11
Calculate the greatest common factor of 255712 and 9760.
1952
Calculate the greatest common factor of 774728 and 2571.
857
Calculate the greatest common factor of 75978 and 11277.
63
Calculate the greatest common factor of 24 and 11838.
6
Calculate the greatest common divisor of 307310 and 6320.
790
What is the highest common factor of 752984 and 854?
122
What is the highest common divisor of 4 and 450?
2
Calculate the greatest common divisor of 296608 and 32.
32
Calculate the greatest common factor of 20185 and 22.
11
Calculate the greatest common factor of 12068 and 28.
28
Calculate the greatest common divisor of 516 and 5964.
12
Calculate the highest common factor of 93970 and 10.
10
Calculate the greatest common factor of 337 and 105818.
337
What is the greatest common factor of 107 and 17869?
107
What is the highest common divisor of 9333 and 1683?
153
What is the highest common divisor of 333 and 257409?
333
Calculate the highest common factor of 2311354 and 170.
34
What is the highest common divisor of 230 and 69380?
10
Calculate the greatest common factor of 6360 and 3080.
40
What is the highest common divisor of 95964 and 44?
44
Calculate the greatest common divisor of 417 and 1946.
139
What is the highest common divisor of 1472 and 5184?
64
What is the highest common factor of 2320 and 8080?
80
Calculate the greatest common divisor of 18896 and 5808.
16
What is the highest common factor of 43142 and 22?
22
What is the greatest common divisor of 8 and 203600?
8
Calculate the greatest common divisor of 6721075 and 50.
25
What is the highest common divisor of 349822 and 66?
22
What is the highest common factor of 708786 and 39?
39
What is the greatest common divisor of 338010 and 342?
114
Calculate the highest common divisor of 211248 and 324.
324
Calculate the greatest common factor of 75184 and 7696.
592
What is the highest common divisor of 66 and 655347?
33
Calculate the highest common divisor of 1680 and 197680.
560
What is the greatest common divisor of 28919 and 3107?
239
What is the greatest common divisor of 531 and 18?
9
What is the greatest common factor of 854916 and 764?
764
Calculate the highest common divisor of 1412122 and 5576.
1394
Calculate the greatest common factor of 107755 and 1610.
115
Calculate the greatest common factor of 280 and 8785.
35
Calculate the greatest common divisor of 59580 and 7920.
180
Calculate the highest common factor of 2523 and 2784.
87
What is the highest common divisor of 1950 and 3450?
150
What is the greatest common divisor of 936 and 42952?
104
Calculate the greatest common divisor of 183603 and 441.
147
Calculate the highest common divisor of 422825 and 13.
13
What is the greatest common factor of 6358 and 308?
